-i - 2*i = -a. What is the highest common factor of i and r?
1
Let g(k) = 23*k - 102. Let d be g(23). What is the greatest common divisor of 122 and d?
61
Let q(h) = -h**2 - 36*h. Let m be q(-24). Calculate the highest common divisor of 24 and m.
24
Let w(u) = -u**2 + 30*u - 156. Let k be w(7). Calculate the greatest common factor of k and 125.
5
Let z be (-4)/(-12) - (-8)/3. Suppose -z = 3*s - 21. Let a be 2/s + (-1391)/(-39). Calculate the highest common factor of a and 12.
12
Let y(h) = h**3 - 4*h**2 - 2*h + 4. Let a be y(5). Suppose 3*g - 2 = 31. Suppose -i + g = -a. Calculate the highest common factor of i and 75.
15
Let v = 744 - 633. What is the greatest common divisor of v and 185?
37
Let t = -348 + 525. What is the greatest common divisor of 118 and t?
59
Suppose -2*l + 330 = 20*l. Calculate the highest common factor of 345 and l.
15
Let q = -424 - -627. Calculate the greatest common divisor of 58 and q.
29
Let n be 4/(-14) + 4260/14. Let u be n/6 - (-10)/(-15). Let i = 20 + -10. What is the highest common divisor of i and u?
10
Suppose -46 = -4*d - a, 7*a - 8*a + 57 = 5*d. What is the greatest common divisor of 143 and d?
11
Suppose 0 = -h - 0*h + 4. Let s be (-12)/24 - (-118)/h. Let o be (-4617)/(-54) + (-6)/(-4). What is the greatest common factor of o and s?
29
Let p(b) = -12*b**2 + 122. Let w be p(0). Calculate the greatest common divisor of w and 3172.
122
Let a(z) = 7*z + 21. Let o(i) = i. Let f(r) = a(r) - 5*o(r). Suppose -4*d = -5*d. Let j be f(d). Calculate the greatest common divisor of 21 and j.
21
Suppose -2*w - 402 = -3*u - w, 5*u - 668 = w. What is the highest common factor of 14 and u?
7
Let n(i) = -15*i + 3. Let x be n(-3). Suppose 6 = 3*m - x. Suppose m = -5*t + 68. What is the greatest common divisor of t and 10?
10
Let d(m) = 2*m + 7. Let w be d(-7). Suppose -3*g - 5*y + 41 = 0, 3*y = 4*g - 7*g + 39. Let f = g + w. What is the greatest common divisor of f and 10?
5
Let r = 1271 + -1267. Calculate the highest common factor of r and 27.
1
Suppose 2*z = 0, 0 = -4*k - 8*z + 3*z + 132. Suppose -a + 25 = -8. What is the highest common divisor of k and a?
33
Suppose -i - 301 = -5*w - 97, -2*i - 8 = 0. Calculate the highest common divisor of 32 and w.
8
Let l = 428 + 80. Suppose 133 = -3*v + l. Calculate the highest common factor of 25 and v.
25
Let d(i) = -i**3 - 4*i**2 + 4*i - 2. Let b be d(-5). Suppose -5*a = -b*a - 10. Suppose -j - 3 = -23. Calculate the highest common factor of j and a.
5
Suppose -2*x - 5*i = 45 + 16, -2*x + 5*i - 11 = 0. Let j be x/(-6) + 0 + -11. Let f be 4*(-4)/j + 36. What is the greatest common factor of f and 57?
19
Let m be 1596 + (-9)/18*-8. Calculate the greatest common divisor of m and 8.
8
Let q(v) = -4*v**3 - 10*v**2 - 2*v - 6. Let r be q(-4). Let u = r - 71. What is the highest common factor of 9 and u?
9
Let g be -4*3/(-15) + (-24157)/(-85). Calculate the greatest common divisor of g and 1045.
95
Let z(h) = -11*h + 578. Let j be z(37). What is the highest common factor of j and 285?
57
Suppose 3*s - 16 = 11*s. Let o be 676/32 - -1 - s/(-16). Suppose -2*c + 50 = 4*y, -3*c = -y + 2 - 0. Calculate the highest common divisor of y and o.
11
Suppose -3*q + 0 = 2*f + 4, -f - 5 = 0. Let k be (3/q)/(9/132). What is the highest common divisor of k and 2?
2
Suppose 4*f = 5*m + 244, -5*f = -5*m + m - 314. Let y = -17 + 61. Calculate the highest common divisor of y and f.
22
Let m(o) = -o**2 + 10*o - 18. Let h be m(6). Calculate the greatest common divisor of h and 192.
6
Let l = -169 - -174. Let i(f) = 2*f**3 + f**2 - 3*f + 1. Let p be i(2). Calculate the greatest common divisor of l and p.
5
Suppose 11*d - 8*d - 5*v - 350 = 0, -2*d = -3*v - 234. Let r = -39 + d. What is the highest common factor of r and 54?
27
Suppose 143*i - 121*i - 21692 = 0. What is the highest common divisor of 116 and i?
58
Suppose 663 = 3*r + 195. Suppose 4*y - 2*y = r. What is the highest common factor of y and 39?
39
Let a(i) = -i**3 - 3*i**2 - 7*i - 7. Let y be (4 + -3)*(-6 + 1). Let t be a(y). What is the highest common factor of 26 and t?
26
Let k be (-3)/4 - (-837)/124. What is the highest common factor of 186 and k?
6
Suppose -4*z = -2*d - 12410, -12*d + 15495 = 5*z - 11*d. Calculate the highest common divisor of 20 and z.
20
Let r = -71 + 74. Let z be (r/(-9)*1 - 0)*-30. What is the highest common factor of 60 and z?
10
Suppose 0 = -2*y + 6*y - 8. Let f be 26 - y/(-6)*3. Calculate the highest common factor of f and 27.
27
Suppose -4*t + 40 = -68. Let d = -4229 + 4238. What is the highest common factor of d and t?
9
Suppose 0 = 13*y - 12*y - 39. What is the greatest common divisor of 104 and y?
13
Suppose -2*s = -s - 2. Suppose 0 = -3*h + 5*h + p - 7, s*p = 2*h - 10. Calculate the greatest common factor of h and 44.
4
Suppose 8*i - z = 11*i - 78, 0 = 2*i + 2*z - 56. Calculate the greatest common factor of i and 1.
1
Suppose 0 = -17*b + 383 + 263. Calculate the greatest common factor of 38 and b.
38
Let m(y) = 3*y - 14. Let v = -105 - -118. Let t be m(v). Calculate the highest common divisor of 200 and t.
25
Let v(d) = 156*d - 126. Let o be v(6). What is the greatest common factor of 30 and o?
30
Let g = -1208 - -1244. What is the highest common divisor of g and 666?
18
Suppose -11*g + 8*g = -486. Calculate the highest common divisor of g and 108.
54
Let r(o) = -14*o - 3. Let d be r(-6). Let h be 628/(-14) - 7/49. Let g be (h/(-20))/((-2)/(-48)). Calculate the greatest common divisor of d and g.
27
Let r(d) = -3*d - 20. Let s be r(-9). Suppose -3*l - s*l + 700 = 0. Let f = 9 + 19. Calculate the greatest common divisor of f and l.
14
Let t(g) = -6 - 3*g**2 + 8*g + 3*g**2 - 2*g**2 + g**2. Let m be t(5). Suppose -4*c = -15*c + 495. Calculate the greatest common factor of m and c.
9
Let n = -60 + 202. Suppose 3*f = 5*k - f - 148, f + n = 5*k. Calculate the highest common divisor of k and 42.
14
Let d = -803 - -811. What is the highest common factor of d and 66?
2
Suppose -3*r - 4*i = -2*r + 1, 0 = 2*r + i - 5. Suppose -v - 4*k + 85 = k, 0 = -2*v + r*k + 209. What is the greatest common factor of v and 10?
10
Suppose 0 = 6*v - 3*v - 48. Let h be v/6*(-105)/(-4). Calculate the greatest common factor of 14 and h.
14
Suppose 27*d + 70 = k + 24*d, k + d = 78. What is the highest common factor of k and 114?
38
Suppose 2*t + 3*j - 10 = 16, -4*t = -5*j - 8. Let a be (t - 4 - -16)/(-4)*-32. What is the highest common divisor of 19 and a?
19
Let w(m) = 30*m**2 + m + 1. Let b be w(-1). Let a = 337 + -317. Calculate the greatest common divisor of b and a.
10
Suppose q = -3*l + 868, 0*q - 864 = -3*l - 3*q. Calculate the greatest common divisor of l and 58.
58
Let i(u) = 33*u - 25. Let s be i(5). Let j = s + -116. Calculate the greatest common divisor of 60 and j.
12
Let g be -22*14/(-4) - -4. Suppose -108 = -0*m - 4*m. What is the greatest common factor of m and g?
27
Suppose 0 = -2*u + 6 + 2. Suppose -u*n + 8*n = 432. Calculate the highest common divisor of 12 and n.
12
Suppose -28 = -8*z + 284. Calculate the greatest common factor of z and 39.
39
Suppose 361 + 369 = 2*g. Let i = g + -156. Calculate the highest common divisor of 19 and i.
19
Suppose 4*s + 2*x = 356, s - 50 - 41 = -x. Suppose 3*v - 243 = s. What is the greatest common divisor of v and 10?
10
Suppose -q + 20 + 79 = n, -3*n = -2*q - 297. Calculate the highest common factor of n and 11.
11
Let j = 1082 + -1010. Calculate the greatest common factor of j and 114.
6
Suppose 6 - 42 = -9*b. Suppose 3 - 7 = -w, 2*c = -2*w + 230. Suppose c + 21 = 3*z. What is the greatest common factor of z and b?
4
Let i(c) = 419*c**2 + 11*c - 10. Let j be i(1). What is the highest common factor of j and 60?
60
Suppose 22 + 48 = y. Let o = 1025 + -1015. Calculate the greatest common factor of o and y.
10
Let y be (48/(-32))/(3/(-8)). Suppose -5*x = -4*m + 57, 0 = -0*m - 2*m + 3*x + 31. Calculate the greatest common factor of m and y.
4
Suppose 8*d = 4*d + 116. Suppose 2*l - 85 = l. Suppose d = u - a, -2*u + l = u - a. Calculate the highest common factor of 112 and u.
28
Let a be ((-37)/148)/(((-3)/912)/1). What is the greatest common divisor of 57 and a?
19
Let z = 203 + -155. What is the highest common factor of 36 and z?
12
Let w(z) = -5*z - 10. Suppose 5*i = n - 49, 4*n - 5*n - 1 = 0. L